Let p(l) = l**2 + 416*l - 23231. Determine p(53).
1626
Let a(o) = -530*o - 33482. What is a(-63)?
-92
Let r(f) = -682*f**2 + 2734*f + 2734. Determine r(-1).
-682
Let t(q) = -12*q**2 - 4378*q + 9535. Determine t(-367).
-7
Let c(o) = 3984*o - 4473996. Determine c(1123).
36
Let w(q) = q**3 - q**2 - 23488*q + 140876. Determine w(6).
128
Let v(k) = -k**2 + 143*k + 3751. Give v(-20).
491
Let m(j) = -73*j - 1534. Calculate m(-21).
-1
Let q(b) = 2*b**2 - 113*b + 1029. Determine q(9).
174
Let r(f) = 196264*f - 3140246. Give r(16).
-22
Let z(k) = 2516*k - 1298286. What is z(516)?
-30
Let a(z) = -107*z**2 + 318*z + 4. Calculate a(3).
-5
Let b(d) = -11*d**2 - 417*d + 4080. Give b(10).
-1190
Let m(p) = 32*p**2 - 5392*p + 50726. Give m(10).
6
Let u(r) = -3*r**3 - r**2 + 11*r + 48. Determine u(-2).
46
Let v(n) = 69*n - 12432. What is v(168)?
-840
Let t(m) = -362*m - 457568. Give t(-1264).
0
Let s(h) = -22452*h + 202088. What is s(9)?
20
Let q(g) = -3891*g + 77948. Calculate q(20).
128
Let g(a) = 87*a + 2659. Calculate g(-25).
484
Let t(d) = -d**3 + 214*d**2 - 4059*d + 1295. Calculate t(193).
137
Let n(o) = -o**2 - 9986*o - 169469. Calculate n(-17).
4
Let o(j) = 182*j + 335. What is o(10)?
2155
Let c(q) = -17194*q - 34409. Calculate c(-2).
-21
Let s(z) = -5*z**2 + 436*z - 2822. Determine s(7).
-15
Let t(k) = -14*k**3 - 87*k**2 + 261*k - 173. What is t(1)?
-13
Let q(n) = -2*n**2 - 146*n - 2445. Calculate q(-33).
195
Let v(n) = -9*n**2 - 860*n - 862. Calculate v(-1).
-11
Let r(z) = 55*z - 13018. Calculate r(226).
-588
Let s(q) = q**2 - 46*q - 6913. Determine s(110).
127
Let x(o) = 36*o**2 + 948*o + 5710. What is x(-18)?
310
Let y(a) = 11*a**3 + 110*a**2 - a - 9. Determine y(-10).
1
Let y(w) = 28*w**2 + 612*w + 709. Give y(-22).
797
Let g(c) = 653*c - 11226. Calculate g(18).
528
Let h(a) = a**3 - 4*a**2 + 533*a + 1084. What is h(-2)?
-6
Let y(k) = k**2 - 100*k + 1288. Give y(99).
1189
Let s(y) = 4*y**2 + 52*y - 1499. Determine s(21).
1357
Let x(n) = 1060*n**2 - 643*n + 646. Calculate x(1).
1063
Let n(c) = -101*c - 2446. Give n(-25).
79
Let y(t) = -1937*t**2 - 174289*t + 3680. Calculate y(-90).
-10
Let d(a) = 119402*a + 238825. Give d(-2).
21
Let j(q) = 287045*q + 2296337. Calculate j(-8).
-23
Let t(f) = -43*f + 7121. Determine t(165).
26
Let i(o) = -1539275*o - 1539280. Give i(-1).
-5
Let x(z) = z**2 + 325*z - 6965. Give x(-345).
-65
Let a(c) = -130455*c - 652298. Calculate a(-5).
-23
Let q(o) = -3*o**2 + 119*o - 604. What is q(5)?
-84
Let c(k) = 34*k**2 - 5043*k + 953. What is c(148)?
-675
Let r(o) = -4*o**3 + 18*o**2 + 97*o - 1. Calculate r(-3).
-22
Let b(p) = 5639398*p + 5. Give b(0).
5
Let l(b) = -11*b**2 - 4947*b + 16329. Give l(-453).
21
Let b(t) = -6009*t + 709053. Calculate b(118).
-9
Let c(r) = -2*r**3 + 19*r**2 - 1273*r + 15283. Give c(12).
-713
Let t(y) = 14*y**2 - 68*y - 22. What is t(5)?
-12
Let p(y) = 24615*y - 221543. What is p(9)?
-8
Let w(n) = -n**2 - 95*n - 833. Give w(-85).
17
Let p(f) = f**2 - 9668*f + 2473512. What is p(263)?
-3
Let a(v) = -1204563*v - 2409120. Give a(-2).
6
Let z(n) = n**2 - 726399*n - 14528376. Give z(-20).
4
Let z(o) = -1993*o + 14069. Determine z(7).
118
Let a(q) = 85470*q + 1111093. Give a(-13).
-17
Let c(q) = 965*q - 4804. What is c(6)?
986
Let g(o) = -o**2 - 275*o - 17979. Give g(-166).
115
Let h(f) = -3*f**2 - 13*f + 979. Determine h(-15).
499
Let a(o) = o**3 - 122*o**2 - 759*o - 1151. Calculate a(128).
1
Let l(y) = y**3 + 52*y**2 + 359*y + 405. Give l(-44).
97
Let d(w) = 269*w - 66653. What is d(247)?
-210
Let l(j) = -j**3 + 92*j**2 - 2082*j + 1023. Give l(39).
438
Let i(l) = 129*l**3 + 767*l**2 + 55*l + 581. Calculate i(-6).
-1
Let m(n) = 326*n + 1188. What is m(-7)?
-1094
Let b(a) = -24933*a - 249299. Calculate b(-10).
31
Let m(v) = -v**2 + 34620*v - 691998. Calculate m(20).
2
Let n(k) = 3223*k + 1724628. Calculate n(-535).
323
Let o(m) = -29*m**2 - 2291*m - 268. Calculate o(-79).
-268
Let p(k) = 444*k - 6927. What is p(5)?
-4707
Let x(l) = -131*l**3 - 7*l**2 - 81*l + 182. Give x(2).
-1056
Let r(u) = 4*u**3 - 347*u**2 - 99*u + 139. Determine r(87).
-905
Let b(z) = 384949*z + 9623718. Determine b(-25).
-7
Let u(v) = 198979*v + 994904. Determine u(-5).
9
Let w(c) = 34775*c - 69022. Calculate w(2).
528
Let f(q) = -9*q**2 + 1038*q + 16. Determine f(112).
3376
Let z(i) = -24172*i - 942687. What is z(-39)?
21
Let x(j) = -j**3 - 97*j**2 + 72*j - 2946. Determine x(-98).
-398
Let w(h) = h**3 - 450*h**2 - 6020*h + 428. Give w(463).
-35
Let n(d) = -7*d**2 - 24*d + 359. What is n(8)?
-281
Let c(b) = -20*b**2 - 673*b + 5656. What is c(7)?
-35
Let u(h) = -16*h**3 - 383*h**2 + 48*h + 370. Determine u(-24).
-206
Let n(t) = 6*t**3 + 122*t**2 + 743*t + 14039. Calculate n(-20).
-21
Let g(x) = x**3 - 35*x**2 - 2895*x + 102929. What is g(36)?
5
Let j(p) = p**3 + 20*p**2 + 239*p + 6196. What is j(-22)?
-30
Let n(q) = 2901678*q + 14508396. Calculate n(-5).
6
Let s(r) = 131745*r + 19. Calculate s(0).
19
Let p(i) = -2*i**2 - 18214*i - 5742130. Calculate p(-327).
-10
Let h(w) = 359*w + 2767. Calculate h(-13).
-1900
Let c(z) = 30*z**3 + 986*z**2 - 129*z + 537. Determine c(-33).
438
Let l(o) = 17*o**2 - 3505*o - 3104. What is l(207)?
-206
Let t(y) = 7243*y - 2288737. Determine t(316).
51
Let i(w) = w**3 + 733*w**2 + 615*w - 85624. What is i(-732)?
20
Let b(j) = -135800*j - 33814191. Give b(-249).
9
Let l(k) = 227*k**2 - 945*k - 944. Determine l(5).
6
Let r(t) = -t**2 + 5355*t + 2320451. What is r(-403)?
-23
Let g(y) = 13*y**3 + 21*y**2 + 4*y + 9. Determine g(-6).
-2067
Let w(b) = 5235*b - 308875. Give w(59).
-10
Let q(l) = -2471*l**2 - 7712*l - 891. Determine q(-3).
6
Let z(l) = -409*l**2 - 11052*l - 247. What is z(-27)?
-4
Let j(x) = -15*x**3 + 988*x**2 + 136*x - 350. What is j(66)?
-86
Let i(j) = 29*j**2 - 3055*j + 990. Calculate i(105).
-60
Let g(n) = -96*n - 16529. Calculate g(-152).
-1937
Let p(u) = -u**2 - 382*u + 12257. Calculate p(30).
-103
Let s(m) = m**3 + 46*m**2 - 26*m - 140. Determine s(2).
0
Let g(h) = -195*h - 53842. What is g(-276)?
-22
Let f(s) = 23*s**2 + 889*s - 1189. Determine f(-40).
51
Let z(p) = -4*p**2 + 1158*p + 10804. Give z(-9).
58
Let f(r) = -996*r - 164330. Give f(-165).
10
Let j(h) = h**3 - 1751*h**2 - 5161*h - 177154. Determine j(1754).
0
Let v(i) = -2*i**3 + 74*i**2 - 392*i - 77. What is v(30)?
763
Let b(h) = -h**3 + 55*h**2 + 1017*h + 2306. Calculate b(70).
-4
Let u(m) = -m**3 + 19*m**2 - 37*m + 640. Calculate u(21).
-1019
Let j(l) = -4*l**3 - 43*l**2 + 111*l - 28. Determine j(2).
-10
Let b(f) = 39555*f - 554245. Determine b(14).
-475
Let a(o) = o**3 - 43*o**2 + 54*o - 399. Calculate a(43).
1923
Let d(z) = 6*z**3 - 2497*z**2 + 14770*z - 12. What is d(6)?
12
Let y(t) = -826*t + 5883. Give y(9).
-1551
Let v(i) = -463*i + 168957. Give v(365).
-38
Let u(r) = -r**2 + 361284*r + 3251620. Calculate u(-9).
-17
Let z(y) = 3*y**2 + 1343*y + 35670. What is z(-28)?
418
Let k(p) = 6695*p + 92181. Determine k(-14).
-1549
Let a(s) = -4*s**3 + 31*s**2 + 159*s + 1486. What is a(13)?
4
Let v(g) = 208*g - 82896. What is v(400)?
304
Let h(d) = 5*d**2 + 17051*d + 6049084. Determine h(-3008).
-4
Let f(b) = -10*b**2 - 2180*b - 18802. Calculate f(-209).
8
Let s(v) = v**2 + 15*v - 63273. Calculate s(244).
-77
Let v(m) = 2*m**2 + 1863*m + 20238. What is v(-11)?
-13
Let n(p) = -440866*p + 2645212. What is n(6)?
16
Let h(m) = 3*m**3 + 91*m**2 - 575*m - 102. Give h(6).
372
Let k(o) = -o**2 - 662*o - 25468. What is k(-41)?
-7
Let m(s) = -632*s - 12966. Determine m(-21).
306
Let x(m) = -15*m**3 + 388*m**2 + 453*m + 238. Give x(27).
76
Let v(a) = -7*a**2 - 79*a + 722. Calculate v(7).
-174
Let x(m) = -240*m**2 - 37*m - 110. Give x(-3).
-2159
Let j(s) = -3*s**3 + 23*s**2 - 1489*s + 10480. Give j(7).
155
Let s(p) = 5*p**3 - 149*p**2 + 1293*p - 39681. Calculate s(30).
9
Let g(p) = 8*p**3 - 7*p**2 - 2*p + 24. Determine g(5).
839
Let n(v) = -124*v**2 - 14659*v + 108684. Determine n(7).
-5
Let q(h) = -2022*h - 103117. What is q(-51)?
5
Let p(i) = 33087*i - 30208437. Give p(913).
-6
Let q(u) = -26*u**2 + 399*u + 329. Calculate q(16).
57
Let g(b) = 254*b + 23764. What is g(-93)?
142
Let r(h) = -2*h**3 - 99*h**2 + 63*h + 593. What is r(-50)?
-57
Let a(x) = -32*x**2 + 1805*x - 18984. What is a(14)?
14
Let u(w) = 22*w**2 - 212*w + 61. Give u(2).
-